7)?
4
Let k(l) = l**2 - 2*l + 13. Calculate k(-7).
76
Let l(b) = b**2 + 11*b - 2. Give l(-9).
-20
Let i(k) = -k**3 - 3*k**2 - 3*k - 7. What is i(-4)?
21
Let g(l) = -2*l**2 + 34*l - 38. Give g(16).
-6
Let y(q) = 12*q - 30. Determine y(2).
-6
Let m(f) = 7*f + 9. What is m(-7)?
-40
Let u(i) = 16*i**2 + i + 1. Give u(1).
18
Let o(a) = a - 15. Give o(4).
-11
Let l(x) = 148*x - 890. Calculate l(6).
-2
Let k(q) = 33*q**3 - q**2 - q - 1. Determine k(-1).
-34
Let u(o) = -o**2 - 21*o + 156. Determine u(6).
-6
Let g(b) = -b**3 + 5*b**2 + 2*b - 7. Calculate g(5).
3
Let t(r) = -2*r**2 - 8*r - 13. Calculate t(-5).
-23
Let m(l) = l**3 - 6*l**2 + 8*l + 1. Give m(4).
1
Let c(s) = 4*s**2 - s. Determine c(-2).
18
Let o(c) = c**3 - 2*c**2 - c + 1. Calculate o(3).
7
Let r(t) = -t**2 + 3*t + 3. What is r(6)?
-15
Let l(h) = -h**3 - h**2 + 5*h + 6. Give l(-4).
34
Let w(c) = 10*c. Determine w(-1).
-10
Let i(j) = -j**3 + 7*j**2 - 9*j + 3. What is i(6)?
-15
Let j(r) = -r**2 + 8*r - 23. Calculate j(0).
-23
Let r(l) = 4*l + 5. Determine r(-1).
1
Let d(i) = 4*i**2 - 5*i - 9. What is d(3)?
12
Let q(r) = -2*r**2 - 16*r - 28. Determine q(-2).
-4
Let s(u) = -u**3 + 16*u**2 + 77*u - 9. Calculate s(-4).
3
Let j(m) = -m**2 + 7*m - 3. Give j(4).
9
Let l(d) = d**3 - 5*d**2 - 9*d - 21. Calculate l(7).
14
Let s(j) = 12*j + 226. Determine s(-21).
-26
Let x(h) = -4*h + 9. What is x(6)?
-15
Let i(f) = -f**3 + 10*f**2 + 8*f + 15. What is i(11)?
-18
Let t(p) = p**3 + 10*p**2 + 25*p + 9. Give t(-7).
-19
Let x(a) = 18*a + 275. Give x(-15).
5
Let x(n) = -n**3 - 13*n**2 - 31*n + 45. Determine x(-9).
0
Let s(a) = -4*a + 14. What is s(6)?
-10
Let b(k) = -8*k**3 + 3*k**2 + 3*k - 6. What is b(2)?
-52
Let n(l) = -l**2 + 2*l - 29. Give n(7).
-64
Let p(m) = -m**3 + 6*m**2 + 4*m - 7. Give p(5).
38
Let c(b) = 2*b**3 + 14*b**2 + 5*b + 2. What is c(-6)?
44
Let c(q) = q**2 - 3. Determine c(-4).
13
Let s(q) = 5*q - 4. What is s(-5)?
-29
Let a(g) = g**3 - 16*g**2 - 15. What is a(16)?
-15
Let r(i) = i**2 - 5*i - 8. Determine r(-2).
6
Let o(i) = 2*i**2 + 3*i + 7. Give o(-4).
27
Let w(k) = 5*k - 29. Calculate w(5).
-4
Let z(q) = -q**3 - 14*q**2 - 50*q - 5. Calculate z(-7).
2
Let x(q) = -q**3 + 3*q**2 + 4*q + 6. Calculate x(5).
-24
Let v(w) = -w**2 + 3*w - 5. Calculate v(8).
-45
Let a(j) = j**3 + 9*j**2 + 8*j + 10. Determine a(-8).
10
Let p(y) = y**2 - 6*y - 29. Calculate p(7).
-22
Let r(v) = -2*v + 21. What is r(19)?
-17
Let f(u) = 16*u + 1. Determine f(1).
17
Let y(r) = r**2 - 42*r - 8. Calculate y(42).
-8
Let w(x) = -2*x**2 - 18*x - 3. Calculate w(-9).
-3
Let r(d) = -d**3 - 5*d**2 - 2*d - 2. Determine r(-4).
-10
Let j(o) = 18*o - 60. Determine j(4).
12
Let g(p) = -25*p**3 + p**2 + 3*p + 2. What is g(-1)?
25
Let f(w) = -2*w + 46. Calculate f(27).
-8
Let g(j) = 2*j**3 + 4*j**2 + 4*j + 3. Calculate g(-2).
-5
Let m(c) = c**3 + 13*c**2 + 32*c - 58. Calculate m(-6).
2
Let o(u) = 28*u + 2. Determine o(2).
58
Let i(u) = u**3 - 3*u**2 - 3*u - 2. Give i(4).
2
Let n(h) = -2*h**3 - 4*h**2 + 7*h - 1. Give n(-4).
35
Let o(i) = i**3 - 4*i**2 - 4*i + 5. Calculate o(5).
10
Let y(x) = -5*x**2 - 3. What is y(-3)?
-48
Let j(t) = 4*t + 148. Calculate j(-45).
-32
Let h(p) = p**2 - 7*p - 22. What is h(10)?
8
Let a(u) = -3*u**2 - 7*u + 22. What is a(-7)?
-76
Let x(m) = -17*m + 192. Calculate x(11).
5
Let y(p) = p - 29. Give y(25).
-4
Let v(g) = 8*g - 22. Calculate v(22).
154
Let c(r) = -r**2 - 18*r - 60. Calculate c(-12).
12
Let y(l) = -l**3 - 7*l**2 + l - 19. What is y(-8)?
37
Let i(f) = -3*f + 32. Calculate i(13).
-7
Let i(d) = 7*d**2 - 2*d - 6. What is i(3)?
51
Let h(w) = -w**3 + 6*w**2 - 4*w + 7. Determine h(6).
-17
Let i(x) = -11*x + 137. Calculate i(13).
-6
Let p(i) = -i**3 - 3*i**2 + 13*i - 1. What is p(-6)?
29
Let z(k) = 2*k**2 - 9*k + 10. What is z(-5)?
105
Let a(h) = h**3 + 7*h**2 - 25*h + 14. What is a(-10)?
-36
Let p(l) = l**3 + 7*l**2 - 12*l - 2. Calculate p(-8).
30
Let y(n) = 2*n**2 + 4*n + 2. Give y(-2).
2
Let l(m) = -7*m - 19. Give l(-10).
51
Let f(q) = q**3 - 6*q**2 - q - 5. What is f(6)?
-11
Let w(s) = s - 23. Calculate w(12).
-11
Let u(c) = 3*c + 10. Give u(-5).
-5
Let s(g) = -g**2 - 5*g - 1. What is s(-5)?
-1
Let a(v) = -v**3 + 10*v**2 + 9*v + 18. Determine a(11).
-4
Let l(d) = -2*d - 1. Calculate l(5).
-11
Let f(v) = v**3 - 3*v**2 - 4*v. Give f(3).
-12
Let b(r) = 11*r**2 + r - 2. What is b(1)?
10
Let g(x) = -x**2 - 12*x - 3. What is g(-8)?
29
Let i(j) = j**3 - 4*j**2 - 4*j - 9. Calculate i(5).
-4
Let d(k) = -k**2 + 7*k - 7. Give d(4).
5
Let a(f) = 24*f**2 - f + 2. Determine a(1).
25
Let n(y) = 3*y**3 - 4*y**2 + 5*y - 5. What is n(2)?
13
Let m(i) = i**3 + 10*i**2 + 13*i - 15. Determine m(-8).
9
Let z(a) = -a + 11. Give z(16).
-5
Let m(p) = 11*p - 29. Give m(6).
37
Let m(f) = -2*f**3 + 5*f**2 + 10*f - 15. What is m(4)?
-23
Let w(d) = -37*d**3 - d**2 + d + 1. Calculate w(-1).
36
Let s(r) = -r - 8. Determine s(0).
-8
Let f(z) = 2*z + 5. Give f(8).
21
Let g(r) = r**2 - 2*r - 33. Give g(7).
2
Let w(b) = b**2 - 3*b - 13. Calculate w(-3).
5
Let d(j) = j**2 + 47*j - 774. What is d(-60)?
6
Let b(y) = 2*y**2 + 28*y - 5. What is b(-14)?
-5
Let z(u) = -4*u + 6. Calculate z(11).
-38
Let a(h) = h - 1. Determine a(0).
-1
Let i(f) = -f**3 - 12*f**2 - 3*f - 11. What is i(-12)?
25
Let n(s) = -25*s + 9. What is n(-2)?
59
Let l(n) = -n**3 - 4*n**2 + 14*n - 4. Determine l(-5).
-49
Let k(a) = a**2 + 27*a + 23. Give k(-27).
23
Let c(j) = 2*j**2 + 27*j + 26. What is c(-12)?
-10
Let t(v) = -25*v**3 + 2*v + 1. Calculate t(-1).
24
Let z(k) = 18*k**3 - k**2. Give z(1).
17
Let o(i) = i**3 - i**2. Calculate o(1).
0
Let p(g) = 8*g**2 + 3*g - 3. Calculate p(-2).
23
Let t(s) = -46*s**3 - s**2 + s - 1. Determine t(1).
-47
Let n(c) = 2*c**3 + 4*c**2 - 10*c - 10. What is n(-3)?
2
Let m(i) = -i**3 - 10*i**2 - 21*i - 5. What is m(-6)?
-23
Let x(m) = -m**3 - 6*m**2 + 6*m - 12. What is x(-7)?
-5
Let r(w) = -w**3 - 7*w**2 + 8*w + 3. What is r(-8)?
3
Let b(u) = u**3 + 7*u**2 - 12*u - 32. What is b(-8)?
0
Let g(f) = -f**3 + 4*f**2 + 2*f + 9. Give g(5).
-6
Let f(o) = -26*o - 421. Determine f(-16).
-5
Let w(v) = -2*v**2 - 33*v + 51. Give w(-18).
-3
Let h(r) = 4*r + 2. What is h(-2)?
-6
Let b(k) = -k**3 + 4*k**2 - 3*k + 7. Calculate b(3).
7
Let d(r) = 3*r**2 + 29*r + 13. Calculate d(-9).
-5
Let a(r) = r**2 + 31*r + 7. Calculate a(-31).
7
Let y(k) = -203*k + 1427. Give y(7).
6
Let a(v) = -v - 5. Give a(-5).
0
Let g(q) = 38*q + 158. What is g(-4)?
6
Let f(n) = -n**3 - 25*n**2 - 100*n + 7. Determine f(-20).
7
Let o(y) = -3*y**2 - 4*y + 3. Calculate o(-5).
-52
Let q(a) = -a**3 - 22*a**2 + 4*a + 63. Determine q(-22).
-25
Let c(p) = -31*p - 304. What is c(-9)?
-25
Let z(b) = 2*b + 19. Calculate z(-9).
1
Let r(f) = f**3 - 26*f**2 - 57*f + 7. Give r(28).
-21
Let b(f) = f**2 - f - 3. What is b(0)?
-3
Let l(f) = -3*f + 8. Give l(1).
5
Let o(j) = j**3 + 6*j**2 - 7*j + 35. Give o(-8).
-37
Let j(h) = h**3 + 8*h**2 - 1. What is j(-8)?
-1
Let x(s) = 27*s + 527. Give x(-20).
-13
Let d(a) = -2*a**2 - a + 47. Calculate d(0).
47
Let p(w) = -15*w + 2. Determine p(2).
-28
Let f(d) = -d**3 - 9*d**2 + 11*d + 40. What is f(-9)?
-59
Let w(i) = -i - 5. Determine w(3).
-8
Let h(q) = 8*q - 3. What is h(2)?
13
Let t(x) = x**2 + 11*x + 14. Give t(-14).
56
Let v(r) = -r**3 + 5*r**2 - 10*r + 37. What is v(5)?
-13
Let r(h) = h**3 + 20*h**2 + 3*h + 41. Calculate r(-20).
-19
Let v(l) = -l**2 - 18*l - 18. What is v(-17)?
-1
Let p(c) = -3*c**2 + c + 4. Determine p(2).
-6
Let w(n) = 2*n**2 - 6*n + 4. What is w(4)?
12
Let k(y) = 3*y - 10. What is k(8)?
14
Let j(r) = -r**3 - 8*r**2 + 10*r - 1. Give j(-9).
-10
Let b(a) = -a**3 - 5*a**2 - 5*a - 8. What is b(-4)?
-4
Let t(u) = 5*u + 15. Give t(9).
60
Let i(w) = 2*w**2 - 7*w - 45. Determine i(7).
4
Let x(r) = r**2 - 9*r + 6. Calculate x(7).
-8
Let h(f) = -f**3 + 31*f**2 + 27*f + 60. Calculate h(32).
-100
Let v(l) = 3*l**2 + 4*l - 1. What is v(1)?
6
Let w(f) = f**3 + 5*f**2 + 8*f - 1. Determine w(-2).
-5
Let u(y) = -9*y**2 + 3*y. Determine u(-1).
-12
Let n(m) = -3*m**2 + 2*m. Determine n(-1).
-5
Let d(x) = x - 7. Determine d(6).
-1
Let j(n) = -n**2 - 39*n - 200. Calculate j(-33).
-2
Let x(u) = 3*u**2 + 17*u + 9. Determine x(-6).
15
Let d(q) = -q**3 - 2*q**2 + 8*q - 3. Calculate d(-4).
-3
Let s(c) = 2*c**2 + 15*c + 10. Calculate s(-8).
18
Let a(z